the greatest common divisor of j and a?
12
Suppose 81408 + 129592 = 211*d. What is the highest common divisor of d and 2125?
125
Let q = 119 - 59. Calculate the greatest common factor of q and 10340.
20
Let r(a) = -296*a - 2923. Let g be r(-10). Calculate the greatest common factor of g and 3071.
37
Suppose 57*i = 127 + 981 + 1856. What is the greatest common factor of i and 8840?
52
Let y = -2797 + 2801. What is the highest common divisor of y and 6?
2
Let r = 3304 - 3274. What is the greatest common factor of r and 905?
5
Suppose 310 - 239 = 21*c - 9190. What is the highest common factor of c and 9849?
147
Let o(l) = -l + 2142. Let p be o(3). Calculate the highest common divisor of 138 and p.
69
Suppose 3*d - 262 = -k, 4*k - 7*k = 2*d - 184. What is the highest common divisor of d and 20?
2
Suppose 565 = -2*k - 5*s, 5*k - 6*s + s + 1325 = 0. Let v = -238 - k. What is the greatest common factor of v and 3?
1
Let y(q) = 3*q + 7. Let h be y(-5). Let g(a) = 11 + 11 + 13*a**2 - 3 + 3*a - 10*a**2. Let w be g(h). What is the highest common factor of w and 17?
17
Let t = 2502 - 2494. Let o = -72 - -140. Suppose -i = g + 3*i - o, -4*i + 260 = 5*g. Calculate the highest common divisor of g and t.
8
Let r be (-13 - (-48)/(-3))*(96*1)/(-4). What is the greatest common divisor of 2262 and r?
174
Let g be (-740)/(-7)*(111 + -104). Calculate the greatest common divisor of g and 25.
5
Let q = 404 - 400. Suppose -2*l + 76 = 2*v, -6*l - 128 = -4*v - q*l. Calculate the highest common divisor of 119 and v.
17
Let d(w) = -30*w**3 - 39*w**2 - 209*w + 30. Let u be d(-9). Calculate the greatest common factor of 84 and u.
42
Let h be (-488)/(-7) - 6/(-21). Let j(u) = u**2 + 37*u - 330. Let n be j(8). Calculate the highest common divisor of h and n.
10
Suppose -13*d = 10 - 23. Let k be (-4088)/(-657) - (d - 7/9). Calculate the greatest common factor of 54 and k.
6
Let p = -7123 - -7139. Let m be -1 + 1 - (-3 - 304). Let b = m - 99. Calculate the highest common factor of b and p.
16
Let z = 13942 + -13085. What is the greatest common divisor of z and 1?
1
Suppose -z + 3*l + 1517 = 0, l = -63 + 60. What is the highest common divisor of 468 and z?
52
Suppose -h + 149 = 4*o - 9, 3*h + 6 = 0. Calculate the greatest common factor of 95 and o.
5
Let y be (-1629)/8688 - (-7846)/32. Calculate the greatest common factor of y and 455.
35
Suppose -p + o = -2*p + 9, -4*o - 4 = -p. Let t be -1 + 8 + (3 - 3). Suppose z - t = p. What is the highest common factor of 15 and z?
15
Let v = -18055 + 19165. Calculate the highest common factor of 1380 and v.
30
Let d(w) = -3*w**2 - 5*w - 118. Let z be d(-14). Let u = 768 + z. Calculate the highest common divisor of u and 462.
66
Let x = 1660 - 1645. What is the highest common factor of 285 and x?
15
Let d(l) = 3*l + 78. Let c be d(-33). Let j be 30/18*(-3 - c). Let i = 12 + 0. What is the greatest common divisor of j and i?
6
Let b be (-2)/4 + 152/(-16) + 5. Let l be (3564/30)/(-9)*b. Calculate the greatest common factor of l and 726.
66
Suppose 5*j = 3*z - 307, 2*z = 676*j - 677*j + 157. Suppose -5*u + 24 = -3*u. Calculate the highest common factor of u and z.
12
Suppose 508 = 5*s - 2*y - 444, 2*s - y = 381. Let f(b) = 12*b + 80. Let m be f(6). What is the greatest common divisor of m and s?
38
Suppose -30 = -5*x - 10. Suppose x*j + 0 = -4. Let s be (-4 + 8 - -1)/((-1)/j). What is the highest common factor of 10 and s?
5
Let v = -5581 + 5619. What is the greatest common factor of 190 and v?
38
Let a(o) = o**2 - 4*o - 26. Let l be (1 - 2)*-8*1. Let k be a(l). Suppose 0 = -5*y + 26 - k. What is the greatest common factor of y and 20?
4
Let g be ((-44)/((-88)/(-14)))/(3/(-144)). What is the highest common divisor of 848 and g?
16
Let b(r) = -7*r + 1. Let u be b(-5). Let f(z) = 55*z + 223. Let x be f(-4). Let c be x*(-321)/(-3) + 3. What is the greatest common factor of c and u?
36
Suppose 59*t = 60*t - 588. What is the greatest common factor of 180 and t?
12
Let i = 33271 + -33289. Suppose 0 = 2*f - f - 1. Let s be (f - (-92)/(-12))/(3/i). What is the greatest common divisor of 32 and s?
8
Let b = -18 - -37. Suppose -39*c + 160*c = 26*c + 66785. What is the highest common factor of b and c?
19
Suppose -5*r = -7*r - 3*d + 53, 0 = -4*r - d + 121. Let x(h) = h**2 - 3*h + 9. Let w be x(-13). What is the greatest common factor of r and w?
31
Let t(h) = 2*h**3 + 78*h**2 + 2. Let v be t(-39). Suppose -5*p - 4*o = 40 - 608, 4*o - 232 = -v*p. What is the highest common factor of p and 16?
16
Suppose -16*s - 1470 = -30*s. Let n = s - -56. What is the greatest common divisor of n and 23?
23
Suppose 5*a - 41 = 104. Let r be (15 + (-1072)/56)/((-1)/7). Calculate the greatest common factor of a and r.
29
Suppose -3*v - 5*g = -294 - 281, 0 = 5*v + 2*g - 952. What is the highest common divisor of 551 and v?
19
Let d(h) = -h**2 - 6*h + 7. Let n be d(-4). Let v = -45 + 49. Let c be (-2)/(v/(-2)) + 4. Calculate the greatest common factor of n and c.
5
Let c(u) = 6666*u**2 + 6*u - 7. Let i be c(1). Calculate the greatest common factor of 43 and i.
43
Let j(t) = -t + 5. Let r be j(4). Let s be (-1)/1*r + 31. Let c = -60 - -90. What is the greatest common divisor of s and c?
30
Suppose -3*g = i - 11540, 0 = -6*i + i + 4*g + 57624. Let m be 6/(-15) + i/20. What is the highest common divisor of m and 128?
64
Let n = 6016 - 4480. Calculate the greatest common factor of 24 and n.
24
Let k = 28660 - 25797. Calculate the greatest common divisor of k and 35.
7
Let u(a) = -a**3 + 24*a**2 + 2*a - 50. Let j be u(24). Let d be 0/1 - j - (-18 + 9). What is the highest common divisor of d and 187?
11
Suppose 126*b - 4527 - 1752 - 20181 = 0. What is the highest common divisor of b and 1218?
42
Let b = 18046 - 17992. What is the highest common divisor of b and 16506?
18
Suppose -y + 2 = -0. Suppose 0 = y*j + j - 30. Let d = -13740 - -13770. What is the highest common divisor of j and d?
10
Suppose -6*z = 4*r - 21652, -310*z + 3*r - 18044 = -315*z. What is the highest common divisor of 304 and z?
38
Let p be 22 - 18 - ((-2)/(-4) + -1)*51008. What is the greatest common divisor of 28 and p?
28
Let h = -185 - -260. Let o(u) = 18*u**2 + 47*u - 128. Let c be o(3). What is the highest common factor of c and h?
25
Let j be 64100/75 - 5/(-15). Calculate the highest common factor of 45 and j.
45
Let v be 4 + 0 - (4 - 4/2). Suppose 4*s = -d + 6, v*s + 4*d - 13 = -3*s. What is the highest common factor of s and 7?
1
Let o = -406 - -520. Suppose 110*z - o*z = -36. Calculate the highest common factor of 144 and z.
9
Suppose -395 - 92 = -5*t + 3*l, 0 = -5*t + l + 469. Calculate the greatest common factor of 5221 and t.
23
Let m = 4158 - 3560. Calculate the highest common divisor of 506 and m.
46
Suppose 2*h - 202 = 5*a, -4*h + 53*a = 57*a - 376. Calculate the greatest common divisor of 1128 and h.
24
Suppose 0 = -28000*w + 28011*w - 748. Calculate the highest common factor of w and 1156.
68
Suppose -31*r - 170 = -29*r. Let q be r/(-3) + (-44)/132. What is the highest common divisor of 14 and q?
14
Let q = 759 + -753. Calculate the greatest common divisor of q and 486.
6
Let d(p) = -p**3 - 40*p**2 - 245*p + 473. Let y be d(-32). Calculate the highest common divisor of 1925 and y.
11
Let k = 353 - 250. Let h = k + 27. Suppose t = -264 + 274. Calculate the greatest common factor of t and h.
10
Let w = 1569 - 1565. What is the highest common divisor of w and 828?
4
Let n = -116 + 174. Suppose -3*v = 3*l - 5*l - 59, -3*v + l = -n. Let m = 50 - -7. Calculate the greatest common divisor of m and v.
19
Let a = 155 - 153. Suppose 0*h + 3*h = -6, a*l - 3*h = 134. Suppose o + 2*z = 26, 5*o - z + 2*z - 157 = 0. Calculate the greatest common divisor of o and l.
32
Suppose 5*m - 18 = -3*a + 35, -5*a + 5*m - 5 = 0. What is the greatest common divisor of 219 and a?
3
Let v(b) = -7*b**2 - 86*b + 28. Let p be v(-10). What is the highest common factor of p and 20?
4
Let n be (-24 + 2)*2862/(-212). What is the greatest common divisor of 36 and n?
9
Let i be ((-391)/46)/(5 + 382/(-76)). Calculate the highest common divisor of 221 and i.
17
Suppose 0 = -3*s - 3*s - 252. Let d = 45 + s. Let v = -47 - -68. Calculate the highest common divisor of d and v.
3
Suppose -4*m = -4*q + 2712, -52*m - 2685 = -4*q - 57*m